st common divisor of s and 2.
2
Let q = -80 + 92. Suppose 4*x = -3*v + 34, 3*v + 3*x = 9 + 30. Calculate the greatest common factor of v and q.
6
Let v = -79 - -119. What is the highest common divisor of 10 and v?
10
Suppose -4*o - k = k - 64, -2*o + 5*k = -56. Let i = 54 + -45. Calculate the greatest common divisor of o and i.
9
Let n = -51 - -141. Suppose -5*o + 50 = -0*o. Calculate the greatest common divisor of n and o.
10
Suppose -3*m - 2*n + 218 = 0, -n + 6*n - 365 = -5*m. Calculate the highest common factor of 12 and m.
12
Let p = -155 - -263. Let z be 15*(-1 + 18/10). What is the greatest common factor of z and p?
12
Let o(v) = -5*v - 3. Let i be o(-3). Calculate the highest common factor of 12 and i.
12
Let g be (-35)/(-15)*(3 + 12). Calculate the highest common factor of 70 and g.
35
Let y(r) = r**3 - 9*r**2 - 9. Let f(v) = -v**3 + 8*v**2 + 8. Let t(i) = 4*f(i) + 3*y(i). Let u be t(5). What is the greatest common factor of 25 and u?
5
Let q = 8 + -6. Suppose -q*i - 6 = -3*i. Suppose 0 = -b + 3*o + 51, 2*b - o - 49 = 38. Calculate the greatest common divisor of b and i.
6
Let a = -17 + 23. Calculate the highest common factor of a and 48.
6
Let b be 56/(-12) + 4 - (-92)/3. Calculate the highest common factor of 15 and b.
15
Suppose -2*f + 5*f = -5*s + 81, -s + 29 = f. What is the highest common factor of 4 and f?
4
Let k(a) = 2*a**2 + 11*a + 21. Let q be k(-7). Calculate the greatest common factor of q and 42.
42
Let t = 13 - 110. Let c be t/(-3) - 2/6. Calculate the greatest common divisor of c and 48.
16
Suppose 0 = 2*t + 3*t + 35. Let s = 87 + t. What is the highest common divisor of s and 32?
16
Suppose -5*h - 4*n = -h + 4, 3*n + 19 = 5*h. Let z = -4 + 8. What is the highest common factor of z and h?
2
Let k = -5 + 11. Let t = 6 - 2. What is the highest common factor of k and t?
2
Let q = 172 - 91. Let k = -10 - -11. Suppose -5*f + 25 = -5*l, 0 = f - 2*l - 2 + k. Calculate the highest common factor of f and q.
9
Suppose -w - b = -6*b, b + 28 = 3*w. Let h = 20 + -16. Calculate the highest common factor of w and h.
2
Let z(h) = 43*h**2 - 3*h - 2. Let d be z(-1). What is the highest common factor of 11 and d?
11
Let s(l) = l**3 - 12*l**2 + 33. Let j be s(12). What is the highest common factor of 44 and j?
11
Let a(j) = 3*j**3 + 2*j**2 + j. Let b be a(-1). Let s be 2*(2 - 9/b). What is the highest common factor of s and 65?
13
Let l(o) be the third derivative of -o**6/120 + o**5/6 - 7*o**3/6 + 2*o**2. Let q be l(8). What is the highest common factor of 11 and q?
11
Suppose -3*h - h + 4*f + 12 = 0, 3 = -f. Suppose h*p - 3*p - 4*t = -53, 19 = p + 2*t. What is the greatest common divisor of 45 and p?
15
Suppose 4*i - t = 15, 0*i + 6 = 2*i - 2*t. Let r(y) = 3*y + 5. Let v be r(i). Suppose -1122 = -2*x - 4*x. What is the greatest common divisor of x and v?
17
Let d = -56 + -21. Let z(o) = -206*o**3 - 2*o**2 + 1. Let w be z(-1). Let y = w + d. Calculate the greatest common divisor of 16 and y.
16
Let z be -3 - 2 - (-29 - -8). Calculate the greatest common factor of z and 24.
8
Let h(p) = -3*p + 4*p**3 - p + p + 2 + 4*p**2 - p. Let a be h(2). Suppose 7 = -3*l + 25. What is the greatest common factor of a and l?
6
Let u be ((-21)/2)/(6/(-8)). Suppose -k + 3*k - 20 = h, 4 = 2*k - 5*h. Let b be (-6)/4*(-224)/k. What is the highest common factor of u and b?
14
Let y(v) = 19*v**3 + v**2 - 7*v + 6. Let z(s) = s - 1. Let m(l) = y(l) + 6*z(l). Let g be m(2). What is the greatest common factor of 14 and g?
14
Let x be (62/8 + -4)*16/6. Let d = -78 + 168. What is the greatest common divisor of d and x?
10
Let z be 2/4 + (-755)/(-10). Let m = z - 52. Let g(c) = -c**2 + 5*c + 3. Let i be g(5). What is the highest common factor of m and i?
3
Suppose -28 = -4*i - 3*x, -5*x + 4 + 31 = 5*i. Calculate the highest common factor of 91 and i.
7
Let q be 4/10 + (-126)/(-10). Suppose -2*g - 16 = -48. Suppose -2*t + 10 = -g. What is the highest common factor of t and q?
13
Suppose 3*u = -3*h + 8*u + 10, h - 2 = 3*u. Suppose -3*b - h*w = -50, b - 5*b - 2*w = -76. What is the greatest common factor of b and 4?
4
Let s(a) = 23*a**2 + 3*a. Let k be s(1). What is the highest common factor of k and 286?
26
Suppose 3*b + 11 = -10. Let q(v) = 2*v**2 + 7*v - 1. Let o be q(b). What is the greatest common divisor of o and 6?
6
Let g(m) = m**2 - 6*m - 4. Let a be g(5). Let d = -1 - a. What is the greatest common factor of d and 24?
8
Let c(p) = 5*p**2 + 11*p - 3*p - 5*p + 3. Let a be c(-3). Calculate the greatest common divisor of 13 and a.
13
Suppose 0 = 14*d + 141 - 617. What is the highest common factor of 238 and d?
34
Let a = -9 + 12. What is the highest common divisor of 1 and a?
1
Suppose -1 = -5*s + 59. Calculate the greatest common factor of 108 and s.
12
Let n be 1/(-1 - 212/(-210)). Suppose -l = -s - 18, l - 51 = -l - 3*s. Calculate the highest common factor of l and n.
21
Let f(u) = 16*u + 3. Let l be f(3). Let d(o) = -o**3 + 10*o**2 - 2*o - 4. Let q be d(8). Suppose -q + 23 = -5*w. What is the highest common divisor of w and l?
17
Let j = 21 + -15. Suppose -20 = -4*k - 2*p + j, -2*k - 2*p = -14. Let n = 180 - 114. Calculate the highest common divisor of k and n.
6
Let h(u) = 4*u + 21. Let d be h(15). Calculate the greatest common divisor of 9 and d.
9
Let a be (16/(-10))/((-4)/10). Suppose a*b - 6*b = -12. What is the highest common factor of 42 and b?
6
Let j(v) = 6*v**3 - 4*v**2 - 2*v + 6. Let f be j(3). What is the greatest common divisor of 14 and f?
14
Let h(k) be the first derivative of -k**4/4 - 2*k**3 + 5*k**2/2 - 10*k + 4. Let r be h(-7). Calculate the greatest common factor of r and 1.
1
Suppose -m + 2*n - 125 = -4*m, -m + 2*n + 31 = 0. What is the greatest common divisor of 65 and m?
13
Let j = -38 - -58. Suppose 4*n - 6 = n. Suppose 0 = -5*k - l + 50, n*l + j = 3*k - k. Calculate the greatest common factor of k and 90.
10
Suppose -j + 11 = -2*q + 3*q, j = 5*q + 5. Let f = 6 + j. Let g be 7 + (-2 - (3 - 2)). Calculate the greatest common divisor of g and f.
4
Suppose -5*d + a = -30 - 34, -4 = a. Calculate the highest common factor of d and 3.
3
Let z(h) = 2*h**2 - 4. Let n be z(5). Suppose -2*o + n + 10 = 0. Suppose y = -y + o. Calculate the greatest common divisor of y and 7.
7
Let q = -84 + 101. Calculate the highest common factor of q and 68.
17
Let l be (-7 + 2)*2*-1. Let t(r) = 17*r + 8. Let i be t(6). What is the highest common divisor of l and i?
10
Suppose -4*j + 3*j = -98. What is the greatest common divisor of 14 and j?
14
Let x(t) = 2*t**2 - t + 11. Let o be x(-9). What is the highest common divisor of 26 and o?
26
Suppose -4*j + 51 = -45. Suppose 3*n - 96 = -n. Calculate the highest common factor of n and j.
24
Let v = -57 - -157. Suppose i - 2*i + 40 = 0. Calculate the greatest common divisor of i and v.
20
Let p(n) = n**2 - 6*n + 2. Let u be 3/2*14/3. Let l be p(u). Let k = 0 + 1. What is the highest common factor of k and l?
1
Suppose 3*n = -4*v + 181, n + n = 3*v + 132. What is the highest common factor of n and 7?
7
Let x = -58 - -65. Suppose 3*f + 20 = 104. Calculate the highest common factor of x and f.
7
Let f(v) = 10*v - 1. Let u be f(-4). Let l be (-1 - 53)*3/(-2). Let i = u + l. Calculate the greatest common factor of 16 and i.
8
Let i(z) = -z**3 + 14*z**2 - 11*z - 18. Let d be i(13). What is the greatest common factor of d and 12?
4
Let k = 26 + -16. Let c be 1*-2 + 2*46. Suppose 2*x = 2*t + c, 3*x - 2*t = -7*t + 95. Calculate the highest common factor of x and k.
10
Let m be ((-6)/4)/(1/(-192)). What is the highest common factor of m and 36?
36
Let a = 2 - 4. Let q = -5 - a. Let f be 2/((-6)/3)*q. What is the greatest common divisor of 12 and f?
3
Suppose c + 1 = 3*g - 7, -3*g - 4*c - 2 = 0. What is the greatest common divisor of g and 3?
1
Suppose 2*t - 80 = -4*q + 4, 4*q = 2*t + 92. Let l(i) = i**3 - i**2 - i + 33. Let p be l(0). Calculate the highest common factor of q and p.
11
Suppose 2*r = 4*i - 106, 5*r + 43 = 4*i - 60. What is the highest common divisor of i and 135?
27
Let d = 254 + -179. Calculate the greatest common factor of 3 and d.
3
Let x = -90 - -190. Calculate the greatest common factor of 25 and x.
25
Suppose -2*p + 2*s - 112 = -3*p, 0 = 5*p + 4*s - 572. Calculate the highest common divisor of 29 and p.
29